[INFO] fetching crate marble 15.0.2...
[INFO] checking marble-15.0.2 against master#9610dfe5a9a731ced1ea4923ecbd0c57fe367898 for beta-170-4
[INFO] extracting crate marble 15.0.2 into /workspace/builds/worker-0-tc1/source
[INFO] validating manifest of crates.io crate marble 15.0.2 on toolchain 9610dfe5a9a731ced1ea4923ecbd0c57fe367898
[INFO] running `Command { std: CARGO_HOME="/workspace/cargo-home" RUSTUP_HOME="/workspace/rustup-home" "/workspace/cargo-home/bin/cargo" "+9610dfe5a9a731ced1ea4923ecbd0c57fe367898" "metadata" "--manifest-path" "Cargo.toml" "--no-deps", kill_on_drop: false }`
[INFO] started tweaking crates.io crate marble 15.0.2
[INFO] removed 0 missing tests
[INFO] finished tweaking crates.io crate marble 15.0.2
[INFO] tweaked toml for crates.io crate marble 15.0.2 written to /workspace/builds/worker-0-tc1/source/Cargo.toml
[INFO] crate crates.io crate marble 15.0.2 already has a lockfile, it will not be regenerated
[INFO] running `Command { std: CARGO_HOME="/workspace/cargo-home" RUSTUP_HOME="/workspace/rustup-home" "/workspace/cargo-home/bin/cargo" "+9610dfe5a9a731ced1ea4923ecbd0c57fe367898" "fetch" "--manifest-path" "Cargo.toml", kill_on_drop: false }`
[INFO] [stderr]     Updating crates.io index
[INFO] [stderr]  Downloading crates ...
[INFO] [stderr]   Downloaded zstd-sys v2.0.3+zstd.1.5.2
[INFO] [stderr]   Downloaded shared-local-state v0.1.0
[INFO] [stderr]   Downloaded fault-injection v1.0.7
[INFO] [stderr]   Downloaded pagetable v0.3.0
[INFO] [stderr]   Downloaded ebr v0.2.1
[INFO] [stderr]   Downloaded concurrent-map v5.0.6
[INFO] running `Command { std: "docker" "create" "-v" "/var/lib/crater-agent-workspace/builds/worker-0-tc1/target:/opt/rustwide/target:rw,Z" "-v" "/var/lib/crater-agent-workspace/builds/worker-0-tc1/source:/opt/rustwide/workdir:ro,Z" "-v" "/var/lib/crater-agent-workspace/cargo-home:/opt/rustwide/cargo-home:ro,Z" "-v" "/var/lib/crater-agent-workspace/rustup-home:/opt/rustwide/rustup-home:ro,Z" "-e" "SOURCE_DIR=/opt/rustwide/workdir" "-e" "CARGO_TARGET_DIR=/opt/rustwide/target" "-e" "CARGO_HOME=/opt/rustwide/cargo-home" "-e" "RUSTUP_HOME=/opt/rustwide/rustup-home" "-w" "/opt/rustwide/workdir" "-m" "1610612736" "--user" "0:0" "--network" "none" "ghcr.io/rust-lang/crates-build-env/linux@sha256:19e73879b68f455e41552ea35293514db52ea292d993f571636dbffedb77a1ee" "/opt/rustwide/cargo-home/bin/cargo" "+9610dfe5a9a731ced1ea4923ecbd0c57fe367898" "metadata" "--no-deps" "--format-version=1", kill_on_drop: false }`
[INFO] [stdout] 65ea97219e8751c8ff492f39653e088b32a1a8f4980fc985153770ac95b450fc
[INFO] running `Command { std: "docker" "start" "-a" "65ea97219e8751c8ff492f39653e088b32a1a8f4980fc985153770ac95b450fc", kill_on_drop: false }`
[INFO] running `Command { std: "docker" "inspect" "65ea97219e8751c8ff492f39653e088b32a1a8f4980fc985153770ac95b450fc", kill_on_drop: false }`
[INFO] running `Command { std: "docker" "rm" "-f" "65ea97219e8751c8ff492f39653e088b32a1a8f4980fc985153770ac95b450fc", kill_on_drop: false }`
[INFO] [stdout] 65ea97219e8751c8ff492f39653e088b32a1a8f4980fc985153770ac95b450fc
[INFO] running `Command { std: "docker" "create" "-v" "/var/lib/crater-agent-workspace/builds/worker-0-tc1/target:/opt/rustwide/target:rw,Z" "-v" "/var/lib/crater-agent-workspace/builds/worker-0-tc1/source:/opt/rustwide/workdir:ro,Z" "-v" "/var/lib/crater-agent-workspace/cargo-home:/opt/rustwide/cargo-home:ro,Z" "-v" "/var/lib/crater-agent-workspace/rustup-home:/opt/rustwide/rustup-home:ro,Z" "-e" "SOURCE_DIR=/opt/rustwide/workdir" "-e" "CARGO_TARGET_DIR=/opt/rustwide/target" "-e" "CARGO_INCREMENTAL=0" "-e" "RUST_BACKTRACE=full" "-e" "RUSTFLAGS=--cap-lints=forbid" "-e" "RUSTDOCFLAGS=--cap-lints=forbid" "-e" "CARGO_HOME=/opt/rustwide/cargo-home" "-e" "RUSTUP_HOME=/opt/rustwide/rustup-home" "-w" "/opt/rustwide/workdir" "-m" "1610612736" "--user" "0:0" "--network" "none" "ghcr.io/rust-lang/crates-build-env/linux@sha256:19e73879b68f455e41552ea35293514db52ea292d993f571636dbffedb77a1ee" "/opt/rustwide/cargo-home/bin/cargo" "+9610dfe5a9a731ced1ea4923ecbd0c57fe367898" "check" "--frozen" "--all" "--all-targets" "--message-format=json", kill_on_drop: false }`
[INFO] [stdout] bb01b6f84e78a7aea640af77ad9f44d189610e83487f7b4a7c2db7e462c00283
[INFO] running `Command { std: "docker" "start" "-a" "bb01b6f84e78a7aea640af77ad9f44d189610e83487f7b4a7c2db7e462c00283", kill_on_drop: false }`
[INFO] [stderr]    Compiling libc v0.2.137
[INFO] [stderr]    Compiling zstd-safe v5.0.2+zstd.1.5.2
[INFO] [stderr]     Checking cfg-if v1.0.0
[INFO] [stderr]     Checking shared-local-state v0.1.0
[INFO] [stderr]     Checking pagetable v0.3.0
[INFO] [stderr]     Checking regex-syntax v0.6.28
[INFO] [stderr]     Checking ppv-lite86 v0.2.17
[INFO] [stderr]     Checking fault-injection v1.0.7
[INFO] [stderr]     Checking termcolor v1.1.3
[INFO] [stderr]     Checking humantime v2.1.0
[INFO] [stderr]     Checking ebr v0.2.1
[INFO] [stderr]     Checking memchr v2.5.0
[INFO] [stderr]     Checking concurrent-map v5.0.6
[INFO] [stderr]     Checking log v0.4.17
[INFO] [stderr]     Checking aho-corasick v0.7.20
[INFO] [stderr]     Checking crc32fast v1.3.2
[INFO] [stderr]     Checking regex v1.7.0
[INFO] [stderr]     Checking getrandom v0.2.8
[INFO] [stderr]     Checking atty v0.2.14
[INFO] [stderr]     Checking fs2 v0.4.3
[INFO] [stderr]    Compiling jobserver v0.1.25
[INFO] [stderr]     Checking rand_core v0.6.4
[INFO] [stderr]    Compiling cc v1.0.77
[INFO] [stderr]     Checking rand_chacha v0.3.1
[INFO] [stderr]     Checking rand v0.8.5
[INFO] [stderr]     Checking env_logger v0.9.3
[INFO] [stderr]    Compiling zstd-sys v2.0.3+zstd.1.5.2
[INFO] [stderr]     Checking marble v15.0.2 (/opt/rustwide/workdir)
[INFO] [stdout] error[E0432]: unresolved import `bincode`
[INFO] [stdout]  --> examples/kv.rs:5:5
[INFO] [stdout]   |
[INFO] [stdout] 5 | use bincode::{deserialize, serialize};
[INFO] [stdout]   |     ^^^^^^^ use of undeclared crate or module `bincode`
[INFO] [stdout] 
[INFO] [stdout] 
[INFO] [stdout] error[E0432]: unresolved import `serde`
[INFO] [stdout]  --> examples/kv.rs:7:5
[INFO] [stdout]   |
[INFO] [stdout] 7 | use serde::{Deserialize, Serialize};
[INFO] [stdout]   |     ^^^^^ use of undeclared crate or module `serde`
[INFO] [stdout] 
[INFO] [stdout] 
[INFO] [stdout] error: cannot determine resolution for the derive macro `Serialize`
[INFO] [stdout]   --> examples/kv.rs:13:10
[INFO] [stdout]    |
[INFO] [stdout] 13 | #[derive(Serialize, Deserialize, Debug)]
[INFO] [stdout]    |          ^^^^^^^^^
[INFO] [stdout]    |
[INFO] [stdout]    = note: import resolution is stuck, try simplifying macro imports
[INFO] [stdout] 
[INFO] [stdout] 
[INFO] [stdout] error: cannot determine resolution for the derive macro `Deserialize`
[INFO] [stdout]   --> examples/kv.rs:13:21
[INFO] [stdout]    |
[INFO] [stdout] 13 | #[derive(Serialize, Deserialize, Debug)]
[INFO] [stdout]    |                     ^^^^^^^^^^^
[INFO] [stdout]    |
[INFO] [stdout]    = note: import resolution is stuck, try simplifying macro imports
[INFO] [stdout] 
[INFO] [stdout] 
[INFO] [stdout] error: cannot determine resolution for the derive macro `Serialize`
[INFO] [stdout]   --> examples/kv.rs:28:10
[INFO] [stdout]    |
[INFO] [stdout] 28 | #[derive(Serialize, Deserialize, Debug)]
[INFO] [stdout]    |          ^^^^^^^^^
[INFO] [stdout]    |
[INFO] [stdout]    = note: import resolution is stuck, try simplifying macro imports
[INFO] [stdout] 
[INFO] [stdout] 
[INFO] [stdout] error: cannot determine resolution for the derive macro `Deserialize`
[INFO] [stdout]   --> examples/kv.rs:28:21
[INFO] [stdout]    |
[INFO] [stdout] 28 | #[derive(Serialize, Deserialize, Debug)]
[INFO] [stdout]    |                     ^^^^^^^^^^^
[INFO] [stdout]    |
[INFO] [stdout]    = note: import resolution is stuck, try simplifying macro imports
[INFO] [stdout] 
[INFO] [stdout] 
[INFO] [stdout] error[E0432]: unresolved import `criterion`
[INFO] [stdout]  --> benches/marble_bench.rs:1:5
[INFO] [stdout]   |
[INFO] [stdout] 1 | use criterion::{criterion_group, criterion_main, Criterion};
[INFO] [stdout]   |     ^^^^^^^^^ use of undeclared crate or module `criterion`
[INFO] [stdout] 
[INFO] [stdout] 
[INFO] [stdout] error: cannot determine resolution for the macro `criterion_group`
[INFO] [stdout]   --> benches/marble_bench.rs:25:1
[INFO] [stdout]    |
[INFO] [stdout] 25 | criterion_group!(latency, measure_latency);
[INFO] [stdout]    | ^^^^^^^^^^^^^^^
[INFO] [stdout]    |
[INFO] [stdout]    = note: import resolution is stuck, try simplifying macro imports
[INFO] [stdout] 
[INFO] [stdout] 
[INFO] [stdout] error: cannot determine resolution for the macro `criterion_group`
[INFO] [stdout]   --> benches/marble_bench.rs:26:1
[INFO] [stdout]    |
[INFO] [stdout] 26 | criterion_group!(throughput, measure_throughput);
[INFO] [stdout]    | ^^^^^^^^^^^^^^^
[INFO] [stdout]    |
[INFO] [stdout]    = note: import resolution is stuck, try simplifying macro imports
[INFO] [stdout] 
[INFO] [stdout] 
[INFO] [stdout] error: cannot determine resolution for the macro `criterion_main`
[INFO] [stdout]   --> benches/marble_bench.rs:27:1
[INFO] [stdout]    |
[INFO] [stdout] 27 | criterion_main!(latency, throughput);
[INFO] [stdout]    | ^^^^^^^^^^^^^^
[INFO] [stdout]    |
[INFO] [stdout]    = note: import resolution is stuck, try simplifying macro imports
[INFO] [stdout] 
[INFO] [stdout] 
[INFO] [stdout] error[E0601]: `main` function not found in crate `marble_bench`
[INFO] [stdout]   --> benches/marble_bench.rs:27:38
[INFO] [stdout]    |
[INFO] [stdout] 27 | criterion_main!(latency, throughput);
[INFO] [stdout]    |                                      ^ consider adding a `main` function to `benches/marble_bench.rs`
[INFO] [stdout] 
[INFO] [stdout] 
[INFO] [stdout] error: aborting due to 5 previous errors
[INFO] [stdout] 
[INFO] [stdout] 
[INFO] [stdout] Some errors have detailed explanations: E0432, E0601.
[INFO] [stdout] 
[INFO] [stdout] For more information about an error, try `rustc --explain E0432`.
[INFO] [stdout] 
[INFO] [stdout] error: aborting due to 6 previous errors
[INFO] [stdout] 
[INFO] [stdout] 
[INFO] [stdout] For more information about this error, try `rustc --explain E0432`.
[INFO] [stdout] 
[INFO] [stderr] error: could not compile `marble` (bench "marble_bench") due to 6 previous errors
[INFO] [stderr] warning: build failed, waiting for other jobs to finish...
[INFO] [stderr] error: could not compile `marble` (example "kv") due to 7 previous errors
[INFO] running `Command { std: "docker" "inspect" "bb01b6f84e78a7aea640af77ad9f44d189610e83487f7b4a7c2db7e462c00283", kill_on_drop: false }`
[INFO] running `Command { std: "docker" "rm" "-f" "bb01b6f84e78a7aea640af77ad9f44d189610e83487f7b4a7c2db7e462c00283", kill_on_drop: false }`
[INFO] [stdout] bb01b6f84e78a7aea640af77ad9f44d189610e83487f7b4a7c2db7e462c00283
